16972?
6
What is the hundreds digit of 2206?
2
What is the tens digit of 89?
8
What is the units digit of 2131?
1
What is the hundreds digit of 370?
3
What is the tens digit of 10973?
7
What is the hundreds digit of 34185?
1
What is the tens digit of 904?
0
What is the units digit of 14850?
0
What is the hundreds digit of 17368?
3
What is the hundreds digit of 9016?
0
What is the tens digit of 47961?
6
What is the ten thousands digit of 122207?
2
What is the tens digit of 240?
4
What is the hundreds digit of 194?
1
What is the tens digit of 616?
1
What is the units digit of 2093?
3
What is the tens digit of 943?
4
What is the tens digit of 103796?
9
What is the units digit of 29662?
2
What is the hundreds digit of 3408?
4
What is the thousands digit of 51589?
1
What is the ten thousands digit of 20888?
2
What is the tens digit of 1217?
1
What is the units digit of 5170?
0
What is the hundreds digit of 13979?
9
What is the units digit of 747?
7
What is the hundreds digit of 120488?
4
What is the hundreds digit of 232?
2
What is the tens digit of 11244?
4
What is the thousands digit of 76728?
6
What is the hundreds digit of 7249?
2
What is the hundreds digit of 46070?
0
What is the tens digit of 111400?
0
What is the tens digit of 2274?
7
What is the tens digit of 1880?
8
What is the tens digit of 2339?
3
What is the tens digit of 23?
2
What is the hundreds digit of 44745?
7
What is the thousands digit of 7470?
7
What is the thousands digit of 1994?
1
What is the hundreds digit of 69248?
2
What is the units digit of 508?
8
What is the ten thousands digit of 57053?
5
What is the hundreds digit of 3331?
3
What is the tens digit of 41390?
9
What is the hundreds digit of 11102?
1
What is the tens digit of 9566?
6
What is the units digit of 5998?
8
What is the thousands digit of 22259?
2
What is the tens digit of 8297?
9
What is the tens digit of 17451?
5
What is the tens digit of 897?
9
What is the thousands digit of 24555?
4
What is the units digit of 4479?
9
What is the tens digit of 595?
9
What is the hundreds digit of 954?
9
What is the tens digit of 20331?
3
What is the units digit of 98?
8
What is the ten thousands digit of 24712?
2
What is the thousands digit of 2304?
2
What is the units digit of 5767?
7
What is the tens digit of 1646?
4
What is the units digit of 15?
5
What is the units digit of 6?
6
What is the units digit of 4166?
6
What is the tens digit of 983?
8
What is the hundreds digit of 6932?
9
What is the tens digit of 722?
2
What is the units digit of 1967?
7
What is the tens digit of 8830?
3
What is the units digit of 9722?
2
What is the tens digit of 10152?
5
What is the units digit of 533?
3
What is the thousands digit of 5262?
5
What is the tens digit of 660?
6
What is the tens digit of 8533?
3
What is the hundreds digit of 24086?
0
What is the tens digit of 38898?
9
What is the tens digit of 3263?
6
What is the thousands digit of 1728?
1
What is the units digit of 61909?
9
What is the units digit of 773?
3
What is the tens digit of 4682?
8
What is the tens digit of 2972?
7
What is the units digit of 9307?
7
What is the hundreds digit of 15146?
1
What is the tens digit of 18042?
4
What is the thousands digit of 1152?
1
What is the thousands digit of 73058?
3
What is the tens digit of 1627?
2
What is the units digit of 1346?
6
What is the hundreds digit of 60279?
2
What is the tens digit of 30565?
6
What is the tens digit of 3632?
3
What is the ten thousands digit of 156932?
5
What is the units digit of 26094?
4
What is the hundreds digit of 23511?
5
What is the units digit of 16488?
8
What is the units digit of 3317?
7
What is the tens digit of 766?
6
What is the hundreds digit of 1422?
4
What is the hundreds digit of 87117?
1
What is the tens digit of 3167?
6
What is the hundreds digit of 6388?
3
What is the hundreds digit of 888?
8
What is the units digit of 4700?
0
What is the tens digit of 35508?
0
What is the thousands digit of 35850?
5
What is the hundreds digit of 45508?
5
What is the tens digit of 16770?
7
What is the units digit of 431?
1
What is the thousands digit of 4280?
4
What is the tens digit of 541?
4
What is the units digit of 7486?
6
What is the hundreds digit of 20820?
8
What is the tens digit of 10740?
4
What is the tens digit of 40678?
7
What is the tens digit of 4094?
9
What is the tens digit of 831?
3
What is the thousands digit of 1118?
1
What is the hundreds digit of 214?
2
What is the ten thousands digit of 30385?
3
What is the hundreds digit of 103478?
4
What is the units digit of 542?
2
What is the tens digit of 118?
1
What is the units digit of 1926?
6
What is the tens digit of 59965?
6
What is the hundreds digit of 35360?
3
What is the units digit of 83068?
8
What is the hundreds digit of 521?
5
What is the tens digit of 581?
8
What is the units digit of 3972?
2
What is the tens digit of 6650?
5
What is the tens digit of 670?
7
What is the tens digit of 5143?
4
What is the tens digit of 24375?
7
What is the thousands digit of 5517?
5
What is the ten thousands digit of 22704?
2
What is the ten thousands digit of 30360?
3
What is the hundreds digit of 3460?
4
What is the thousands digit of 162951?
2
What is the tens digit of 792?
9
What is the tens digit of 27958?
5
What is the thousands digit of 1453?
1
What is the tens digit of 1524?
2
What is the thousands digit of 5162?
5
What is the units digit of 15654?
4
What is the tens digit of 309?
0
What is the tens digit of 20785?
8
What is the hundreds digit of 5943?
9
What is the thousands digit of 3148?
3
What is the tens digit of 80856?
5
What is the tens digit of 17956?
5
What is the thousands digit of 67030?
7
What is the units digit of 8998?
8
What is the hundreds digit of 378?
3
What is the units digit of 1001?
1
What is the thousands digit of 5810?
5
What is the units digit of 9297?
7
What is the ten thousands digit of 43400?
4
What is the ten thousands digit of 10626?
1
What is the units digit of 26576?
6
What is the tens digit of 451?
5
What is the units digit of 761?
1
What is the thousands digit of 150999?
0
What is the hundreds digit of 310?
3
What is the tens digit of 3062?
6
What is the units digit of 7795?
5
What is the hundreds digit of 9958?
9
What is the tens digit of 48?
4
What is the units digit of 2405?
5
What is the thousands digit of 1377?
1
What is the thousands digit of 1397?
1
What is the thousands digit of 1373?
1
What is the ten thousands digit of 37930?
3
What is the units digit of 812?
2
What is the units digit of 34882?
2
What is the units digit of 191?
1
What is the units digit of 2501?
1
What is the units digit of 272?
2
What is the units digit of 1814?
4
What is the thousands digit of 1272?
1
What is the hundreds digit of 433?
4
What is the units digit of 42171?
1
What is the hundred thousands digit of 112398?
1
What is the hundreds digit of 2005?
0
What is the hundreds digit of 861?
8
What is the tens digit of 42453?
5
What is the units digit of 907?
7
What is the ten thousands digit of 100202?
0
What is the hundreds digit of 1181?
1
What is the hundreds digit of 662?
6
What is the tens digit of 3498?
9
What is the tens digit of 918?
1
What is the hundreds digit of 5498?
4
What is the tens digit of 131?
3
What is the thousands digit of 1385?
1
What is the thousands digit of 43956?
3
What is the hundreds digit of 7728?
7
What is the units digit of 29534?
4
What is the thousands digit of 26464?
6
What is the units digit of 6872?
2
What is the tens digit of 1495?
9
What is the hundreds digit of 1457?
4
What is the units digit of 1801?
1
What is the hundreds digit of 18927?
9
What is the hundreds digit of 9320?
3
What is the tens digit of 3553?
5
What is the units digit of 468?
8
What is the hundreds digit of 24985?
9
What is the hundreds digit of 3845?
8
What is the units digit of 3928?
8
What is the hundreds digit of 3948?
9
What is the thousands digit of 9777?
9
What is the tens digit of 18937?
3
What is the units digit of 15355?
5
What is the ten thousands digit of 53761?
5
What is the thousands digit of 88429?
8
What is the ten thousands digit of 10824?
1
What is the hundreds digit of 49410?
4
What is the tens digit of 4993?
9
What is the units digit of 780?
0
What is the thousands digit of 35213?
5
What is th